Let n = h - -44. Calculate the greatest common factor of k and n.
9
Let r be ((-40)/6)/((-12)/18). Let n = 263 - 133. What is the highest common factor of r and n?
10
Suppose -3*w - 2 = -11. What is the greatest common divisor of w and 3?
3
Let k(a) = 5*a**2 - 98*a - 30. Let h be k(21). What is the greatest common divisor of h and 45?
9
Let p = 110 - 79. Let l = p + -26. What is the highest common divisor of 55 and l?
5
Let m be 3/6 - (-70)/(-4). Let b be -4 + (2 - -21) + 2. Let p = b + m. What is the greatest common factor of p and 16?
4
Suppose u - 63 = -0*u. Let l(z) = -82*z - 490. Let o be l(-7). Calculate the highest common divisor of u and o.
21
Suppose -4*y = 4*z - 176, y - 3*y + 108 = -2*z. Suppose 3*g + y + 47 = b, 3*b + g - 238 = 0. Calculate the greatest common divisor of 108 and b.
27
Suppose 0 = -4*p + 5*m + 35 - 17, m + 10 = 4*p. Suppose 2*s + c + 1 = 4*c, -4*s + 9 = 5*c. What is the highest common divisor of p and s?
1
Let k be (-128)/(-72) - (-4)/18. Suppose -2*p + 2 = -p. Suppose 0 = -0*r + k*r - p*i - 90, 3 = -i. Calculate the highest common divisor of 6 and r.
6
Let a(p) = -p**2 - 10*p - 3. Let k be a(-9). Let w = -58 - -46. Let l = w - -21. What is the highest common divisor of l and k?
3
Suppose -2*m - 2 = 5*j - 7, -5*m + 5*j + 100 = 0. What is the highest common divisor of m and 1815?
15
Let f = -31 - -33. Suppose -4*j = -f*r - 28, 2*j - 2*r - 18 = -0*r. Calculate the highest common factor of j and 35.
5
Let t = 684 - 572. What is the highest common factor of 28 and t?
28
Let r = 15 + -13. Let u be (-5 - 4)*r/(-6). Suppose u*n = -23 + 65. What is the highest common factor of n and 7?
7
Let k be 84/18 - (-35)/(-21). What is the highest common factor of 48 and k?
3
Let g(t) = -t**3 + t**2 + t + 63. Let o be 1*0/(-1 - 4). Let k be g(o). Calculate the highest common divisor of 18 and k.
9
Suppose 5573 = 10*o + 1873. What is the greatest common divisor of 296 and o?
74
Let f(s) = s**2 - 5*s - 2. Let o(l) = 3*l**2 - 16*l - 7. Let p(h) = 14*f(h) - 4*o(h). Let g be p(6). What is the highest common factor of g and 24?
12
Let r = 28 + -30. Let c be 85/7 - r/(-14). Calculate the highest common factor of 48 and c.
12
Suppose -3*t + 3*y - 797 = t, 0 = 4*t - y + 799. Let a = t + 305. Calculate the greatest common factor of 42 and a.
21
Let c be 74 - (3 + -3)*-1. Let v = c + -70. Calculate the highest common factor of 48 and v.
4
Suppose 28*m - 494 = 9*m. What is the greatest common divisor of m and 351?
13
Let u = -31 + 51. Suppose -2*r + 4 - 3 = a, 5*a - 5*r = u. Let z be 16/a*(2 + 16). What is the highest common factor of 12 and z?
12
Suppose 0 = 8*f - 4*f - 80. Calculate the greatest common divisor of f and 150.
10
Let r(i) = -13*i**2 - 69*i + 15. Let t(j) = 3*j**2 + 17*j - 4. Let y(u) = -2*r(u) - 9*t(u). Let m be y(-10). What is the greatest common divisor of m and 8?
8
Let d = 180 + -66. Let p = -2 - -4. Let n be ((-190)/(-4))/5*p. What is the highest common factor of n and d?
19
Let h be (-136)/(-10) - 2/(-5). Let b = -672 - -784. What is the greatest common factor of h and b?
14
Suppose 31*s - 3782 = 8339. What is the greatest common divisor of s and 23?
23
Suppose 216 = -366*q + 369*q. Calculate the highest common factor of 9 and q.
9
Let f(y) = -3*y - 19. Let s be f(-9). Let v be 6/s*4 + 2. Let g(d) = 38*d - 8. Let c be g(v). What is the highest common divisor of 26 and c?
26
Suppose 3*q - 464 = -5*s, s - 5*q - 167 = -s. Suppose i - 2*i - 56 = -4*p, 4*i = -3*p + 23. What is the greatest common factor of s and p?
13
Suppose -97*y + 490 = -87*y. Let z be (2/6)/((-1)/(-21)). What is the highest common divisor of z and y?
7
Let z(i) = 1123 - 6*i + i - 1129. Let g be z(-4). What is the highest common divisor of 56 and g?
14
Let c be (4 + (-5 - 0))/((-2)/8). Let o be (5 + 6 + -5)*c/3. Calculate the highest common divisor of o and 72.
8
Let h(b) = 28*b - 2. Let t be h(4). Let n = t + -65. What is the greatest common divisor of n and 15?
15
Let s be -6 - (2/(-8)*-4 - 260). Calculate the highest common divisor of 22 and s.
11
Suppose -179*n - 78*n = -771. Let p(m) = m**2 - 2*m - 3. Let h be p(-3). What is the greatest common factor of h and n?
3
Suppose 0 = s + 7 - 3. Let i = 23 + s. Calculate the greatest common divisor of 57 and i.
19
Let z(c) = -c**3 + 4*c**2 + 6*c - 4. Let j be z(4). Let w(r) = -2*r**3 - 8*r**2 - r + 1. Let o be w(-4). What is the highest common factor of o and j?
5
Suppose -21*k + 2145 = 66. Calculate the highest common factor of k and 209.
11
Let c = -98 + 172. What is the highest common divisor of 111 and c?
37
Let f(g) = g**3 + 7*g**2 + 6*g - 1. Let n be f(-5). Suppose 0 = 2*b - n - 45. Suppose 3*m = m + b. What is the highest common factor of m and 24?
8
Suppose -84 = -4*t + 2*q, 9*q = 3*t + 14*q - 63. What is the highest common divisor of 224 and t?
7
Let k(i) = 6*i**2 - 7*i - 18. Let q(s) = 5*s**2 - 8*s - 17. Let g(y) = -2*k(y) + 3*q(y). Let u be g(-5). What is the highest common factor of 22 and u?
22
Let p(d) = d**2 + 2*d - 10. Let a be p(-8). Let z = 71 - a. What is the highest common divisor of z and 11?
11
Let c(h) = -h**3 + 18*h**2 + h - 5. Let i be c(18). Calculate the greatest common divisor of 325 and i.
13
Let b(a) = 38*a - 1. Let u be b(-1). Let k be (-279)/u - 4/26. Suppose 0 = -0*z + z - k. What is the highest common divisor of 7 and z?
7
Suppose -v + 26 = 4*m + 64, -v - 3*m = 41. Let f be (((-24)/30)/2)/(1/v). Let c be 124/6 - (-2)/(-3). Calculate the greatest common divisor of f and c.
20
Let b = -3 + 24. Let q = b + -9. What is the greatest common factor of 60 and q?
12
Let d = -76 - -186. Let x(i) = i**2 - 9*i + 12. Let n be x(8). Suppose 21 = n*m - 19. What is the highest common divisor of m and d?
10
Let t be (4/2)/1 + 16. Let u(n) = -n**3 - 53*n**2 - 242*n + 48. Let i be u(-48). Calculate the highest common factor of i and t.
18
Let w be (-16771)/(-465) + (-3)/45. What is the highest common factor of w and 16?
4
Let q = -33 - -65. Let h(u) = -8*u - 11*u**2 - 7*u + 16 + 0*u + 3*u + u**3. Let o be h(12). Calculate the highest common divisor of q and o.
16
Let z(m) be the first derivative of -3*m**4/2 - m**3/3 - m**2/2 - 2*m - 1. Let w be z(-2). Let b = 232 - 166. What is the highest common divisor of w and b?
22
Let z(d) = -d + 6. Let q be z(-9). Let b be (6 - 5)*(2 - -2). Suppose -3*m - 2*x + 411 = x, 0 = -b*x + 8. What is the highest common divisor of q and m?
15
Let b(z) = -17 + 31 - 14*z - 12. Let j be b(-1). Calculate the greatest common divisor of j and 240.
16
Let b(t) = -t**2 - 3*t + 17. Let v be b(2). What is the greatest common factor of v and 7?
7
Let c be -14*(-1 - (-18)/(-4)). Let t(s) = s + 9. Let y be t(-6). Suppose -2*n + 0*w + 17 = 3*w, 3*w = y*n - 18. What is the highest common divisor of c and n?
7
Let q(f) = -f - 2. Let h be q(-3). Suppose 3*p - 41 = 4*z, 3*p - z - 43 + 17 = 0. Calculate the greatest common divisor of p and h.
1
Let y(a) = a + 77. Let h be y(25). What is the highest common divisor of 153 and h?
51
Suppose 569 + 511 = 18*h. Calculate the highest common factor of 1020 and h.
60
Suppose 358 = 3*p + p + 2*t, 261 = 3*p + 4*t. Let u = p - 71. What is the greatest common factor of u and 60?
20
Let k = 2157 + -575. What is the highest common factor of 28 and k?
14
Suppose -206*p = -208*p + 208. What is the highest common divisor of 13 and p?
13
Let y = 1616 + -1598. What is the greatest common divisor of 1233 and y?
9
Let s be 243 - (0 + 1 - (-78)/(-26)). Calculate the greatest common factor of s and 70.
35
Let a = -459 + 463. What is the highest common divisor of a and 324?
4
Let q be (-29 + 1)/(((-55)/10)/11). Calculate the highest common divisor of 16 and q.
8
Let a = -94 + 56. Let w = -18 - a. What is the greatest common divisor of 5 and w?
5
Let w(c) = -c**3 - 24*c**2 + 107*c + 31. Let b be w(-28). Calculate the greatest common divisor of b and 72.
9
Let m be (1 - -1)/((-6)/111). Let z = -12 - m. What is the greatest common factor of z and 5?
5
Let l(r) = 7*r**3 - 17*r**2 - 6*r + 13. Let o be l(4). What is the highest common divisor of 55 and o?
55
Let a = -1056 + 1069. What is the highest common factor of 15 and a?
1
Let q = -258 + 180. Let k = q - -20. Let y = k + 135. Calculate the greatest common factor of y and 11.
11
Let w = 54 + -49. Suppose -5*